1
What are the prime factors of 49286282?
2, 97, 254053
What are the prime factors of 197977314?
2, 3, 73, 157, 2879
What are the prime factors of 123840598?
2, 7, 31, 433, 659
List the prime factors of 1301919072.
2, 3, 13561657
List the prime factors of 231500904.
2, 3, 9645871
List the prime factors of 1280932718.
2, 13, 257, 191699
What are the prime factors of 105531609?
3, 29, 1213007
List the prime factors of 1178542826.
2, 3301, 178513
List the prime factors of 132131849.
23, 5744863
List the prime factors of 1266778143.
3, 3967, 11827
List the prime factors of 135499815.
3, 5, 11, 331, 827
What are the prime factors of 40588014?
2, 3, 167, 40507
What are the prime factors of 16738386?
2, 3, 7, 137, 2909
What are the prime factors of 119577998?
2, 59788999
What are the prime factors of 187635314?
2, 93817657
List the prime factors of 2588955155.
5, 607, 853033
What are the prime factors of 24420983?
24420983
List the prime factors of 873712389.
3, 11, 26476133
What are the prime factors of 330106786?
2, 31, 43, 123821
What are the prime factors of 96330876?
2, 3, 353, 22741
What are the prime factors of 595473431?
7, 109, 111491
What are the prime factors of 20759194?
2, 1571, 6607
What are the prime factors of 167967956?
2, 13, 17, 11177
What are the prime factors of 749046513?
3, 97, 2574043
List the prime factors of 1354961062.
2, 7, 13, 7444841
What are the prime factors of 83099372?
2, 1439, 14437
What are the prime factors of 1567818590?
2, 5, 13, 29, 197, 2111
List the prime factors of 38665334.
2, 19332667
List the prime factors of 637034081.
17, 71, 139, 3797
List the prime factors of 40577122.
2, 19, 43, 1307
What are the prime factors of 73344980?
2, 5, 3667249
List the prime factors of 202240794.
2, 3, 7, 23, 209359
What are the prime factors of 802855462?
2, 401427731
What are the prime factors of 2084714793?
3, 7, 29, 311, 1223
What are the prime factors of 45519606?
2, 3, 11, 229897
What are the prime factors of 109383376?
2, 31, 83, 2657
What are the prime factors of 58008298?
2, 29004149
What are the prime factors of 100217859?
3, 7, 53, 127, 709
What are the prime factors of 748163813?
47, 97, 379, 433
What are the prime factors of 160829529?
3, 7, 2017, 3797
List the prime factors of 1062684.
2, 3, 7, 4217
List the prime factors of 1372021852.
2, 23, 457, 32633
List the prime factors of 148264787.
11, 439, 30703
What are the prime factors of 1318256771?
13, 101404367
List the prime factors of 1778843848.
2, 1049, 211969
List the prime factors of 352315110.
2, 3, 5, 7, 37, 45343
List the prime factors of 2693011112.
2, 11, 5507, 5557
What are the prime factors of 124752269?
124752269
What are the prime factors of 39999494?
2, 1303, 15349
What are the prime factors of 49393089?
3, 59, 167, 557
List the prime factors of 175410846.
2, 3, 13, 43, 149
List the prime factors of 44645950.
2, 5, 892919
List the prime factors of 1539589813.
7459, 206407
List the prime factors of 167965241.
5437, 30893
List the prime factors of 1003415773.
59, 17007047
List the prime factors of 187450018.
2, 7, 13389287
List the prime factors of 836399619.
3, 11, 109, 77509
List the prime factors of 755907248.
2, 19, 457, 5441
List the prime factors of 83999141.
1201, 69941
What are the prime factors of 55839282?
2, 3, 137, 67931
List the prime factors of 10712381.
47, 317, 719
What are the prime factors of 210488009?
2039, 103231
What are the prime factors of 240031358?
2, 7, 23, 37, 20147
What are the prime factors of 118010950?
2, 5, 2360219
List the prime factors of 134959554.
2, 3, 31, 80621
What are the prime factors of 104455872?
2, 3, 60449
List the prime factors of 230142999.
3, 76714333
List the prime factors of 32757060.
2, 3, 5, 7, 23, 3391
What are the prime factors of 228135390?
2, 3, 5, 7, 23, 149, 317
What are the prime factors of 52873938?
2, 3, 13, 109, 691
List the prime factors of 1048159869.
3, 349386623
What are the prime factors of 70934949?
3, 1699, 4639
What are the prime factors of 87298076?
2, 61, 357779
What are the prime factors of 56727911?
173, 193, 1699
What are the prime factors of 208095780?
2, 3, 5, 3468263
What are the prime factors of 125021225?
5, 7, 181, 3947
What are the prime factors of 408440932?
2, 277, 449, 821
What are the prime factors of 6716416765?
5, 1343283353
What are the prime factors of 250252958?
2, 125126479
List the prime factors of 771407210.
2, 5, 7, 41, 268783
What are the prime factors of 817610807?
13, 41, 53, 103, 281
List the prime factors of 859849780.
2, 5, 42992489
What are the prime factors of 7757253547?
14281, 543187
List the prime factors of 345474049.
61, 257, 22037
List the prime factors of 2123763621.
3, 7, 199, 619, 821
List the prime factors of 4296924619.
13, 2971, 111253
What are the prime factors of 1631419262?
2, 11, 74155421
What are the prime factors of 31485622?
2, 7, 19, 41, 2887
What are the prime factors of 140903226?
2, 3, 869773
What are the prime factors of 1104306339?
3, 368102113
List the prime factors of 5521937664.
2, 3, 7190023
List the prime factors of 76164940.
2, 5, 1823, 2089
What are the prime factors of 508083334?
2, 11, 37, 53, 11777
What are the prime factors of 58395993?
3, 157, 123983
List the prime factors of 1358628809.
1373, 989533
What are the prime factors of 843792647?
843792647
What are the prime factors of 260451637?
260451637
List the prime factors of 758985396.
2, 3, 13, 227, 21433
What are the prime factors of 331115822?
2, 2767, 59833
List the prime factors of 61036676.
2, 15259169
What are the prime factors of 1014580583?
1014580583
What are the prime factors of 3008016472?
2, 376002059
List the prime factors of 1145619959.
11, 1669, 62401
List the prime factors of 506089377.
3, 19, 149, 2207
List the prime factors of 29938863.
3, 9979621
What are the prime factors of 3584155629?
3, 1194718543
What are the prime factors of 1921699039?
13, 147823003
List the prime factors of 83807151.
3, 53, 67, 7867
What are the prime factors of 2620394105?
5, 7, 74868403
What are the prime factors of 4195843396?
2, 3917, 267797
List the prime factors of 46265816.
2, 61, 113, 839
What are the prime factors of 552718868?
2, 13, 41, 131, 1979
List the prime factors of 5369064772.
2, 449, 1277, 2341
List the prime factors of 805863694.
2, 5119, 78713
What are the prime factors of 111160004?
2, 27790001
What are the prime factors of 2605442797?
17, 61, 147793
What are the prime factors of 9526869?
3, 11, 32077
What are the prime factors of 77353414?
2, 127, 304541
List the prime factors of 2700790607.
271, 2543, 3919
What are the prime factors of 28688238?
2, 3, 199, 8009
What are the prime factors of 940963744?
2, 7, 4200731
List the prime factors of 58961648.
2, 691, 5333
What are the prime factors of 633166492?
2, 7, 131, 172619
What are the prime factors of 1486954082?
2, 73, 367, 27751
What are the prime factors of 716328678?
2, 3, 13, 83, 110647
List the prime factors of 60934671.
3, 7, 37, 26141
List the prime factors of 98100677.
947, 103591
List the prime factors of 2962649913.
3, 547, 1805393
List the prime factors of 38995580.
2, 5, 13, 23, 6521
List the prime factors of 3954150399.
3, 1318050133
What are the prime factors of 20795281?
13, 123049
List the prime factors of 172247673.
3, 13, 19, 17881
List the prime factors of 116026483.
19, 321403
What are the prime factors of 934075363?
13, 71851951
What are the prime factors of 132807931?
131, 383, 2647
List the prime factors of 2090304948.
2, 3, 53, 3286643
What are the prime factors of 937465681?
19, 863, 57173
What are the prime factors of 628609213?
109, 5767057
What are the prime factors of 753259628?
2, 11, 79, 216703
What are the prime factors of 444394590?
2, 3, 5, 127, 116639
List the prime factors of 162717284.
2, 40679321
List the prime factors of 652531551.
3, 7, 23, 151, 389
List the prime factors of 986602256.
2, 61662641
List the prime factors of 1947326394.
2, 3, 13, 29, 860887
List the prime factors of 42709327.
42709327
List the prime factors of 328391920.
2, 5, 181, 22679
List the prime factors of 10112560.
2, 5, 19, 6653
What are the prime factors of 2152070725?
5, 7, 59, 208433
What are the prime factors of 236116203?
3, 37, 47, 45259
What are the prime factors of